15. Calculate the greatest common divisor of 60 and c.
15
Let o(c) = 4*c**2 - 5*c - 3. Let u be o(-3). Suppose 18*g - 14*g - u = 0. Let k be (g - 6)/(6/140). Calculate the greatest common divisor of k and 20.
20
Let l(z) = -26*z - 378. Let a be l(-17). What is the greatest common factor of 704 and a?
64
Let a be (-35)/(-4) - 30/40. Suppose -5*l + a*l - 36 = 0. What is the greatest common divisor of l and 108?
12
Suppose 357*z = 363*z - 198. Calculate the greatest common divisor of 363 and z.
33
Suppose -7*s + 9*s = 56. Calculate the highest common factor of 602 and s.
14
Suppose -178 = -2*p + 14. Suppose -c + p = 7*c. Calculate the greatest common factor of c and 18.
6
Let b(l) = 56*l**2 + 3*l + 3. Let d be b(-1). Let p = 95 - d. What is the greatest common divisor of 26 and p?
13
Let b be (3/6)/((-4)/(-608)) + 4. Calculate the highest common factor of b and 50.
10
Let s = -432 - 334. Let i be s/(-14) - (128/(-56))/8. What is the greatest common divisor of 11 and i?
11
Let g(h) = h - 6. Let c be g(9). Suppose n + 2*j - 37 = -5, j = 4. What is the greatest common divisor of c and n?
3
Let t be (-7)/((-28)/(-12))*-5. Suppose 19 = 2*l - 3*s, l + l + s = t. Calculate the highest common divisor of l and 20.
4
Suppose -3*i - 142 = -241. Suppose 0 = 3*h - 8 - 1. What is the highest common factor of h and i?
3
Let l = 71 + -125. Let h be l/(-10) - 6/15. Suppose 2*t - h*t + 456 = 0. What is the highest common divisor of t and 19?
19
Let d be (-2)/(3/((-153)/6)). Let p = 35 + d. Calculate the highest common divisor of p and 130.
26
Let h be (-10)/35 - 1696/(-7). What is the highest common divisor of h and 44?
22
Let g = -22 - -21. Let w be -12 - -1 - -3 - g. Let b be (5 + w)/(2/(-3)). Calculate the greatest common divisor of 3 and b.
3
Let s be (-15)/((27/2)/(-9)). Suppose 1 = s*f - 79. Calculate the greatest common divisor of f and 80.
8
Let k = 580 + -534. Suppose -2*s = 0, -2*s + 460 = 4*i + 3*s. What is the greatest common factor of k and i?
23
Let p = -61 - -197. Suppose -w + 3*s = -p, w - 5*s - 388 = -2*w. Suppose 0 = 11*v + 166 - 287. Calculate the greatest common divisor of v and w.
11
Suppose 19*y = 56*y - 2849. Calculate the highest common factor of 35 and y.
7
Let t be -1 + 0*(1 - 6/3). Let y be t - -2 - (-1)/((-3)/(-249)). Calculate the highest common factor of 12 and y.
12
Suppose -7*t - 502 = -1426. What is the greatest common factor of 12 and t?
12
Let z(y) = -23*y - 152. Let h be z(-7). Calculate the highest common divisor of h and 225.
9
Let y = 23 + -19. Suppose 105 = y*z + s, 5*z - 37 = 2*s + 91. Calculate the greatest common factor of z and 13.
13
Let f(r) = r**3 + 12*r**2 - 15*r. Let p be f(-13). Let t(k) = 15*k**2 - 16*k - 27. Let n be t(-2). Calculate the greatest common divisor of p and n.
13
Let c be (28/(-21))/(((-16)/(-6))/4). Let k = 5 + -13. Let r be ((-180)/k)/(c/(-4)). What is the greatest common factor of 5 and r?
5
Let p(f) = -2*f**3 + f**2 + f + 1. Let o be p(-2). Let z = 35 - o. Suppose 0 = x - 14 - z. What is the highest common factor of x and 12?
6
Let p = -50 - -52. Suppose 97 + 15 = p*t. Calculate the highest common divisor of 8 and t.
8
Suppose -3*t - 47 = -a, 2*a = 2*t + t + 103. What is the greatest common divisor of a and 7?
7
Let l(p) = -p**2 + 7*p + 1. Let w be l(7). Let h be 4/(w + 5/15). Suppose 2*b = -h*b + 40. What is the greatest common factor of b and 64?
8
Let o = -16 + 14. Let a(l) = -l**3 + 2*l. Let y be a(o). Calculate the highest common divisor of 28 and y.
4
Suppose -13*m - 13300 = -32*m. What is the greatest common divisor of m and 28?
28
Let v be (-12*3)/(-2 - 74/(-40)). Suppose -2*h + v = -3*u - 12, 0 = -u. Calculate the greatest common divisor of 18 and h.
18
Suppose 2 = 2*a - 6. Suppose 3*g - 8 = -4*b, -7*b + 9*b - 32 = -5*g. What is the highest common factor of a and g?
4
Let t be 848/(-24)*(7 + 68/(-8)). Calculate the greatest common factor of t and 7.
1
Let l(v) = 89*v + 2. Let f be l(2). Let b = 6963 - 6943. Calculate the greatest common factor of f and b.
20
Let o = 8 + 4. Suppose -4 = -9*b + 10*b, 2*r = -5*b + 4. What is the highest common divisor of r and o?
12
Let u(r) = -2*r - 35. Let y be u(-21). Let o = y - 3. Calculate the highest common divisor of o and 12.
4
Suppose -5*s + 49 = 3*i + 9, -16 = -2*s + 4*i. Calculate the greatest common divisor of s and 40.
8
Let l be 2/(2/13 + 7/546). What is the greatest common factor of l and 32?
4
Let k = 2438 - 2166. What is the highest common factor of k and 578?
34
Let x be 4/18 + (-158)/(-18). Let z be 18/8 - (-13)/(-52). Suppose 21 - 3 = z*t. What is the greatest common divisor of t and x?
9
Let k(z) = -9*z + 3. Let p(w) = 17*w - 4. Let c(j) = -5*k(j) - 3*p(j). Let g = -1 - 2. Let h be c(g). What is the highest common factor of h and 165?
15
Suppose -5*c + 92 = -0*m + 4*m, 2*m - 4*c = 46. What is the highest common divisor of m and 207?
23
Let o(h) = h**3 - 9*h**2 + 7*h + 18. Suppose 5*m = 5*z - 45, -7*m - 20 = -2*z - 3*m. Let x be o(z). Calculate the greatest common factor of x and 10.
10
Suppose 7 = v + w, v - w = -0*v - 1. Let r be 42 + (2 - v)*-3. Let i be (-18)/(-1)*3/6. What is the highest common factor of i and r?
9
Let p(j) = j**3 - 34*j**2 + 3*j - 74. Let s be p(34). Calculate the highest common divisor of s and 364.
28
Suppose -2*f = 2*v - 3*v - 2, 2*v = -2*f + 2. Let p be (-18 + 17)*(f - 24). Suppose -5*d + 7 + p = 0. Calculate the greatest common factor of 6 and d.
6
Let i be (-32)/10 - (1 + (-12)/10). Let n(t) = -t**2 - 10*t - 19. Let s be n(i). Calculate the highest common divisor of 22 and s.
2
Let k = -298 + 306. Let f(i) = -i**3 - 4*i**2 + 8*i. Let u = 3 + -9. Let d be f(u). Calculate the greatest common factor of d and k.
8
Let x = 870 + -856. What is the greatest common factor of 1330 and x?
14
Suppose 0 = 3*l - 5*l + 22. Let q be -34*(-14)/4 - (2 + -4). Calculate the highest common divisor of q and l.
11
Suppose -b - 7 = -9. Let k = b - -18. Calculate the greatest common factor of 5 and k.
5
Let d(j) = 10*j - 1. Let q be d(1). Suppose 6*c + 15 = q*c. Suppose 2*p - 2*b + 1 = -7*b, -3*p + c = b. Calculate the greatest common factor of 2 and p.
2
Suppose 325 = 9*q - 89. What is the greatest common factor of q and 92?
46
Let f(b) = 83*b**3 + 1. Let v be f(1). Suppose -10*l + 12*l + 5*j - 36 = 0, 2*l - 76 = 5*j. Calculate the greatest common factor of v and l.
28
Suppose -11*f = -21*f + 120. Calculate the highest common factor of f and 76.
4
Let m = -23 - -59. Calculate the greatest common divisor of m and 324.
36
Let a(r) = 19*r + 281. Let q be a(18). What is the greatest common divisor of 178 and q?
89
Let c be 20/210 - (-131360)/168. What is the greatest common divisor of c and 34?
34
Let i be ((-48)/28)/((-1)/7). Let u be 23/(184/48)*(-1)/(-2). Calculate the greatest common factor of u and i.
3
Let y(q) = q**2 - 9*q + 14. Let p be y(8). Let o = 1 + 8. What is the highest common factor of p and o?
3
Suppose 3*q - 4*g - 2305 = 0, -4*q + 2*g = -2081 - 979. Calculate the greatest common factor of 21 and q.
7
Let y(q) = 19*q - 51. Let g be y(3). What is the greatest common factor of g and 174?
6
Let v be ((-11)/(-44))/((-1)/(-116)). Calculate the highest common divisor of 145 and v.
29
Suppose -o = 16 - 67. Let n be 3/((-315)/(-102) - 3). What is the highest common factor of n and o?
17
Let s be (7 - (-6)/(36/15))*72. Calculate the highest common divisor of 27 and s.
9
Let l be 1 - 2 - (-112)/4. Let y = l - 40. Let p be y/(((-15)/(-27))/(-5)). What is the highest common factor of 13 and p?
13
Let j(t) = 27*t**3 - 5*t**2 + 6*t - 5. Let o be j(1). What is the greatest common factor of 1 and o?
1
Let l = -44 - -23. Let h be 3/l - (-644)/49. What is the greatest common divisor of h and 13?
13
Suppose 2*x - 105 = -5*c + x, c + 3*x - 7 = 0. Let b be 3*c - 4/4*1. What is the highest common factor of 26 and b?
13
Suppose 32*b - 170 = -2*b. Calculate the greatest common factor of b and 365.
5
Let t = 200 - 172. What is the greatest common factor of 182 and t?
14
Let v(c) = 3*c**2 + 3*c + 1. Let n be v(-3). Let h be (-3 + 11 - -2)*-2. Let l = h + 153. Calculate the greatest common factor of n and l.
19
Let q = -290 + 293. Calculate the greatest common divisor of 69 and q.
3
Suppose 4*d - 3*d + 4*y - 92 = 0, -3*y + 258 = 3*d. Let g